{"id":64,"date":"2021-03-22T13:14:44","date_gmt":"2021-03-22T12:14:44","guid":{"rendered":"https:\/\/mariuszswiec.pl\/?page_id=64"},"modified":"2021-04-07T20:23:23","modified_gmt":"2021-04-07T18:23:23","slug":"profil-gabinetu","status":"publish","type":"page","link":"https:\/\/mariuszswiec.pl\/","title":{"rendered":"PROFIL GABINETU"},"content":{"rendered":"<p><b>I. PO\u0141O\u017bNICTWO<\/b><\/p>\n<ol>\n<li>\n<p style=\"margin-bottom: 0.28cm;\" align=\"justify\">Badanie prenatalne w I trymestrze ci\u0105\u017cy<\/p>\n<p style=\"margin-bottom: 0.28cm;\" align=\"justify\">a) badanie usg (genetyczne)<\/p>\n<p style=\"margin-bottom: 0.28cm;\" align=\"justify\">b) testy biochemiczne z krwi: Test Podw\u00f3jny\/ test PAPP-A, BETA HCG<\/p>\n<p style=\"margin-bottom: 0.28cm;\" align=\"justify\">c) testy genetyczne z krwi: Test HARMONY<\/p>\n<\/li>\n<li>\n<p style=\"margin-bottom: 0.28cm;\" align=\"justify\">Badania prenatalne USG w II trymestrze ci\u0105\u017cy ( 3D\/4D )<\/p>\n<\/li>\n<li>\n<p style=\"margin-bottom: 0.28cm;\" align=\"justify\">Badanie prenatalne USG w III trymestrze ci\u0105\u017cy (3D\/4D)<\/p>\n<\/li>\n<li>\n<p style=\"margin-bottom: 0.28cm;\" align=\"justify\">Badania USG ci\u0105\u017cy pojedynczej i wielop\u0142odowej<\/p>\n<\/li>\n<li>\n<p style=\"margin-bottom: 0.28cm;\" align=\"justify\">Nagranie badania USG<\/p>\n<\/li>\n<li>\n<p style=\"margin-bottom: 0.28cm;\" align=\"justify\">Zdj\u0119cia 3D \/4D<\/p>\n<\/li>\n<li>\n<p style=\"margin-bottom: 0.28cm;\" align=\"justify\">Prowadzenie ci\u0105\u017cy<\/p>\n<\/li>\n<li>Opieka przedkoncepcyjna (konsultacja z po\u0142o\u017cn\u0105)<\/li>\n<\/ol>\n<p><b>II. GINEKOLOGIA<\/b><\/p>\n<ol>\n<li>\n<p style=\"margin-bottom: 0.28cm;\" align=\"justify\">USG ginekologiczne<\/p>\n<\/li>\n<li>\n<p style=\"margin-bottom: 0.28cm;\" align=\"justify\">Badanie ginekologiczne<\/p>\n<\/li>\n<li>\n<p style=\"margin-bottom: 0.28cm;\" align=\"justify\">Badania diagnostyczne<\/p>\n<p style=\"margin-bottom: 0.28cm;\" align=\"justify\">a) cytologia szyjki macicy (tradycyjna, p\u0142ynna- LBC)<\/p>\n<p style=\"margin-bottom: 0.28cm;\" align=\"justify\">b) ocena biocenozy pochwy \u2013 stopie\u0144 czysto\u015bci pochwy<\/p>\n<p style=\"margin-bottom: 0.28cm;\" align=\"justify\">c) badania genetyczne w kierunku: Chlamydia trachomatis\/ Mycoplasma hominis\/ Mycoplasma genitalium\/ Ureaplasma sp.-DNA<\/p>\n<p align=\"justify\">d) badania genetyczne w kierunku wykrycia nisko\/wysoko onkogennych (nowotworowych) wirus\u00f3w HPV<\/p>\n<p align=\"justify\">e) badania genetyczne w kierunku wirusa opryszczki zwyk\u0142ej (HSV-1\/2)<\/p>\n<p align=\"justify\">f) badania laboratoryjne, inne: posiewy w kierunku bakterii tlenowych\/ beztlenowych, GBS, candida albicans<\/p>\n<\/li>\n<li>\n<p style=\"margin-bottom: 0.28cm;\" align=\"justify\">Kolposkopia<\/p>\n<\/li>\n<li>\n<p style=\"margin-bottom: 0.28cm;\" align=\"justify\">USG piersi, USG jamy brzusznej<\/p>\n<\/li>\n<li>\n<p style=\"margin-bottom: 0.28cm;\" align=\"justify\">Leczenie niezabiegowe wypadania narz\u0105du rodnego \u2013 PESSAROTERAPIA<\/p>\n<\/li>\n<li>Diagnostyka niep\u0142odno\u015bci<\/li>\n<\/ol>\n<p>&nbsp;<\/p>\n","protected":false},"excerpt":{"rendered":"<p>I. PO\u0141O\u017bNICTWO Badanie prenatalne w I trymestrze ci\u0105\u017cy a) badanie usg (genetyczne) b) testy biochemiczne z krwi: Test Podw\u00f3jny\/ test PAPP-A, BETA HCG c) testy genetyczne z krwi: Test HARMONY Badania prenatalne USG w II trymestrze ci\u0105\u017cy ( 3D\/4D ) Badanie prenatalne USG w III trymestrze ci\u0105\u017cy (3D\/4D) Badania USG ci\u0105\u017cy pojedynczej i wielop\u0142odowej Nagranie&hellip;<a href=\"https:\/\/mariuszswiec.pl\/\" class=\"more-link\">Continue reading <span class=\"screen-reader-text\">PROFIL GABINETU<\/span><\/a><\/p>\n","protected":false},"author":1,"featured_media":0,"parent":0,"menu_order":0,"comment_status":"closed","ping_status":"closed","template":"","meta":{"spay_email":""},"_links":{"self":[{"href":"https:\/\/mariuszswiec.pl\/index.php?rest_route=\/wp\/v2\/pages\/64"}],"collection":[{"href":"https:\/\/mariuszswiec.pl\/index.php?rest_route=\/wp\/v2\/pages"}],"about":[{"href":"https:\/\/mariuszswiec.pl\/index.php?rest_route=\/wp\/v2\/types\/page"}],"author":[{"embeddable":true,"href":"https:\/\/mariuszswiec.pl\/index.php?rest_route=\/wp\/v2\/users\/1"}],"replies":[{"embeddable":true,"href":"https:\/\/mariuszswiec.pl\/index.php?rest_route=%2Fwp%2Fv2%2Fcomments&post=64"}],"version-history":[{"count":43,"href":"https:\/\/mariuszswiec.pl\/index.php?rest_route=\/wp\/v2\/pages\/64\/revisions"}],"predecessor-version":[{"id":159,"href":"https:\/\/mariuszswiec.pl\/index.php?rest_route=\/wp\/v2\/pages\/64\/revisions\/159"}],"wp:attachment":[{"href":"https:\/\/mariuszswiec.pl\/index.php?rest_route=%2Fwp%2Fv2%2Fmedia&parent=64"}],"curies":[{"name":"wp","href":"https:\/\/api.w.org\/{rel}","templated":true}]}}